{"id":157,"date":"2020-06-17T09:57:11","date_gmt":"2020-06-17T09:57:11","guid":{"rendered":"https:\/\/www.gedescom.es\/index.php\/mesmerize\/"},"modified":"2024-09-19T17:07:35","modified_gmt":"2024-09-19T15:07:35","slug":"mesmerize","status":"publish","type":"page","link":"https:\/\/www.gedescom.es\/","title":{"rendered":"Front Page"},"content":{"rendered":"<div  id=\"overlappable-4\" class=\"overlappable-4 content-section content-section-spacing\" style=\"background-color: #ffffff;\" data-label=\"Overlappable\" data-id=\"overlappable-4\" data-export-id=\"overlappable-4\" data-category=\"overlappable\" data-overlap=\"true\">\n<div  class=\"gridContainer\">\n<div  class=\"row spaced-cols text-center\" data-type=\"row\">\n<div  class=\"col-xs-12 col-sm-4 col-padding\">\n\n&nbsp;\n<div  class=\"\" data-type=\"column\">\n<h5  class=\"\"><span  style=\"vertical-align: inherit;\"><span  style=\"vertical-align: inherit;\">REFORMA Y CONSERVACI\u00d3N<\/span><\/span><\/h5>\n<p  class=\"\"><span  style=\"vertical-align: inherit;\"><span  style=\"vertical-align: inherit;\">Reformamos y conservamos el patrimonio aplicando nuestra amplia experiencia y nuestra cartera de servicios y profesionales.<\/span><\/span><\/p>\n\n<\/div>\n<\/div>\n<div  class=\"col-xs-12 col-sm-4 col-padding\">\n\n&nbsp;\n<div  class=\"\" data-type=\"column\">\n<h5  class=\"\"><span  style=\"vertical-align: inherit;\"><span  style=\"vertical-align: inherit;\">PROJECT MANAGER<\/span><\/span><\/h5>\n<p  class=\"\">Desde el Start Point, tomamos su proyecto y lo llevamos al punto final de entrega, sin que usted tenga que ocuparse de nada.<\/p>\n\n<\/div>\n<\/div>\n<div  class=\"col-xs-12 col-sm-4 col-padding\">\n\n&nbsp;\n<div  class=\"\" data-type=\"column\">\n<h5  class=\"\">CONSULTOR\u00cdA DE GESTI\u00d3N&nbsp;<\/h5>\n<p  class=\"\">Gestionamos y negociamos el cierre de proyectos con su comunidad. Piscinas comunitarias, mejoras deportivas\u2026 etc.<\/p>\n\n<\/div>\n<\/div>\n<\/div>\n<\/div>\n<\/div><div  id=\"about-1\" class=\"about-1 content-section\" style=\"background-color: #f5fafd;\" data-label=\"About\" data-id=\"about-1\" data-export-id=\"about-1\" data-category=\"about\">\n<div  class=\"gridContainer\">\n<div  class=\"row text-center\">\n<div  class=\"section-title-col\" data-type=\"column\">\n<h5  class=\"\"><span  style=\"vertical-align: inherit;\"><span  style=\"vertical-align: inherit;\">GEDESCOM<\/span><\/span><\/h5>\n<h2  class=\"\"><span  style=\"vertical-align: inherit;\"><span  style=\"vertical-align: inherit;\">La mejor opci\u00f3n para mejorar, conservar, mantener y explotar su patrimonio<\/span><\/span><\/h2>\n<p  class=\"lead\"><span  style=\"vertical-align: inherit;\"><span  style=\"vertical-align: inherit;\">&nbsp; &nbsp; &nbsp; &nbsp; &nbsp; &nbsp; &nbsp; &nbsp; &nbsp; &nbsp; &nbsp; &nbsp; &nbsp; &nbsp; &nbsp; &nbsp; &nbsp; &nbsp; &nbsp; &nbsp; &nbsp; &nbsp; &nbsp; &nbsp;Expertos en Gesti\u00f3n de Patrimonio Inmobiliario desde 1980 &nbsp;<\/span><\/span><\/p>\n\n<\/div>\n<\/div>\n<div  class=\"row\">\n<div  class=\"button-holder space-bottom space-bottom-small\" data-type=\"column\"><\/div>\n<div  class=\"col-xs bottom-xs flexbox image-group-bottom-3-img space-bottom-xs center-xs\">&nbsp;<img  decoding=\"async\" class=\"center-img shadow-large-black\" title=\"torre armon\u00eda\" src=\"https:\/\/www.gedescom.es\/wp-content\/uploads\/2020\/05\/torre-harmony.jpg\" alt=\"\" data-size=\"500x300\"><\/div>\n<\/div>\n<\/div>\n<\/div><div  id=\"features-3\" class=\"features-12-card-bordered content-section content-section-spacing \" style=\"background-color: #ffffff;\" data-label=\"Features\" data-id=\"features-12-card-bordered\" data-export-id=\"features-12-card-bordered\" data-category=\"features\">\n<div  class=\"gridContainer\">\n<div  class=\"row text-center\">\n<div  class=\"section-title-col\" data-type=\"column\">\n<h2  class=\"\"><span  style=\"vertical-align: inherit;\"><span  style=\"vertical-align: inherit;\">4 PILARES FUNDAMENTALES<\/span><\/span><\/h2>\n<p  class=\"lead\"><span  style=\"vertical-align: inherit;\"><span  style=\"vertical-align: inherit;\">Gedescom ofrece un Servicio Integral en la Gesti\u00f3n de Patrimonio a trav\u00e9s de estos 4 pilares<\/span><\/span><\/p>\n\n<\/div>\n<\/div>\n<div  class=\"row spaced-cols\" data-type=\"row\">\n<div  class=\"col-sm-6\">\n<div  class=\"card row-card bordered y-move\">\n<div  class=\"row\">\n<div  class=\"col-sm-fit icon-column\"><\/div>\n<div  class=\"col-sm\" data-type=\"column\">\n<h5  class=\"color2\"><span  style=\"vertical-align: inherit;\"><span  style=\"vertical-align: inherit;\">EXPERIENCIA Y PROFESIONALIDAD<\/span><\/span><\/h5>\n<p  class=\"\"><span  style=\"vertical-align: inherit;\"><span  style=\"vertical-align: inherit;\">&nbsp; &nbsp; &nbsp; &nbsp;40 a\u00f1os de experiencia y una cartera de clientes que avalan nuestro modelo de gesti\u00f3n y los procedimientos aplicados.<\/span><\/span><\/p>\n&nbsp;\n\n<\/div>\n<\/div>\n<\/div>\n<\/div>\n<div  class=\"col-sm-6\">\n<div  class=\"card row-card bordered y-move\">\n<div  class=\"row\">\n<div  class=\"col-sm\" data-type=\"column\">\n<h5  class=\"color2\"><span  style=\"vertical-align: inherit;\"><span  style=\"vertical-align: inherit;\">CUALIFICACI\u00d3N Y GARANT\u00cdA<\/span><\/span><\/h5>\n<p  class=\"\"><span  style=\"vertical-align: inherit;\"><span  style=\"vertical-align: inherit;\">&nbsp; &nbsp; &nbsp; &nbsp;Nuestro personal est\u00e1 altamente cualificado para el desempe\u00f1o de las funciones asignadas, contando con un equipo multidisciplinar en toda el \u00e1mbito de la construcci\u00f3n.<\/span><\/span><\/p>\n\n<\/div>\n<\/div>\n<\/div>\n<\/div>\n<div  class=\"col-sm-6\">\n<div  class=\"card row-card bordered y-move\">\n<div  class=\"row\">\n<div  class=\"col-sm-fit icon-column\"><\/div>\n<div  class=\"col-sm\" data-type=\"column\">\n<h5  class=\"color2\"><span  style=\"vertical-align: inherit;\"><span  style=\"vertical-align: inherit;\">CONSULTOR\u00cdA DE GESTI\u00d3N Y NEGOCIACI\u00d3N<\/span><\/span><\/h5>\n<p  class=\"\"><span  style=\"vertical-align: inherit;\"><span  style=\"vertical-align: inherit;\">Expertos en Gesti\u00f3n y Negociaci\u00f3n de proyectos comunitarios. Desde la asistencia a Juntas de vecinos para exponer y conseguir aprobaci\u00f3n de proyectos, hasta el cierre de los mismos con llave en mano.<\/span><\/span><\/p>\n\n<\/div>\n<\/div>\n<\/div>\n<\/div>\n<div  class=\"col-sm-6\">\n<div  class=\"card row-card bordered y-move\">\n<div  class=\"row\">\n<div  class=\"col-sm-fit icon-column\"><\/div>\n<div  class=\"col-sm\" data-type=\"column\">\n<h5  class=\"color2\"><span  style=\"vertical-align: inherit;\"><span  style=\"vertical-align: inherit;\">SERVICIO INTEGRAL DE REFORMAS Y RESTYLING<\/span><\/span><\/h5>\n<p  class=\"\"><span  style=\"vertical-align: inherit;\"><span  style=\"vertical-align: inherit;\">&nbsp; &nbsp; &nbsp; &nbsp;Desde el primer momento, Hacemos de su proyecto nuestro proyecto y aplicamos toda nuestra experiencia y recursos hasta su completa finalizaci\u00f3n. Usted s\u00f3lo tendr\u00e1 que preocuparse de planificar su llegada.<\/span><\/span><\/p>\n\n<\/div>\n<\/div>\n<\/div>\n<\/div>\n<\/div>\n<\/div>\n<\/div>","protected":false},"excerpt":{"rendered":"<p>&nbsp; REFORMA Y CONSERVACI\u00d3N Reformamos y conservamos el patrimonio aplicando nuestra amplia experiencia y nuestra cartera de servicios y profesionales. &nbsp; PROJECT MANAGER Desde el Start Point, tomamos su proyecto y lo llevamos al punto final de entrega, sin que usted tenga que ocuparse de nada. &nbsp; CONSULTOR\u00cdA DE GESTI\u00d3N&nbsp; Gestionamos y negociamos el cierre&hellip; <br \/> <a class=\"read-more\" href=\"https:\/\/www.gedescom.es\/\">Leer m\u00e1s<\/a><\/p>\n","protected":false},"author":1,"featured_media":0,"parent":0,"menu_order":0,"comment_status":"closed","ping_status":"closed","template":"","meta":{"_monsterinsights_skip_tracking":false,"_monsterinsights_sitenote_active":false,"_monsterinsights_sitenote_note":"","_monsterinsights_sitenote_category":0,"footnotes":""},"_links":{"self":[{"href":"https:\/\/www.gedescom.es\/index.php\/wp-json\/wp\/v2\/pages\/157"}],"collection":[{"href":"https:\/\/www.gedescom.es\/index.php\/wp-json\/wp\/v2\/pages"}],"about":[{"href":"https:\/\/www.gedescom.es\/index.php\/wp-json\/wp\/v2\/types\/page"}],"author":[{"embeddable":true,"href":"https:\/\/www.gedescom.es\/index.php\/wp-json\/wp\/v2\/users\/1"}],"replies":[{"embeddable":true,"href":"https:\/\/www.gedescom.es\/index.php\/wp-json\/wp\/v2\/comments?post=157"}],"version-history":[{"count":70,"href":"https:\/\/www.gedescom.es\/index.php\/wp-json\/wp\/v2\/pages\/157\/revisions"}],"predecessor-version":[{"id":483,"href":"https:\/\/www.gedescom.es\/index.php\/wp-json\/wp\/v2\/pages\/157\/revisions\/483"}],"wp:attachment":[{"href":"https:\/\/www.gedescom.es\/index.php\/wp-json\/wp\/v2\/media?parent=157"}],"curies":[{"name":"wp","href":"https:\/\/api.w.org\/{rel}","templated":true}]}}